Suppose 0 = b*f + 6 - 12. Suppose -208 = f*c - 7*c. What is the tens digit of c?
5
Suppose 0 = 2*f - 5*i - 367, f + 4*f + 4*i - 835 = 0. Let d = 385 - f. Suppose 0 = -4*u - 5*w + 69 + 346, -2*u = -4*w - d. What is the units digit of u?
5
Suppose 4*h + 4*x = 0, 2*h + x - 1 = 3. Suppose -5*d = -5*g + 960, 0 = g - h*d - 1 - 179. What is the units digit of g?
6
What is the thousands digit of (450/125)/(((-24)/8260)/(-6))?
7
Let p = 244 - 238. What is the tens digit of 3458/57 - (1 - 2/p)?
6
Let f(z) = -z**3 + 18*z**2 + 5*z + 11. Let o(j) = -j. Let q(b) = f(b) - 2*o(b). What is the tens digit of q(9)?
0
Suppose 5*n = 25*n - 260. Suppose -z - 1980 = -n*z. What is the tens digit of z?
6
Let p = -26339 + 54084. What is the tens digit of p?
4
Suppose -12 = -3*u, h + 1 = 3*u - 0. Let i be 28*(-1 + 3) + (7 - h). Let o = i + -7. What is the tens digit of o?
4
Suppose 2*k - 53 + 129 = -y, 0 = -k + 5*y - 16. Let n be (-6)/(-8) + (-8973)/k. Suppose 296 + n = 6*m. What is the units digit of m?
1
What is the ten thousands digit of (123 + -12254)/(3/(-3))?
1
Let n(c) = -39354*c - 2. Let t be n(-1). Let j be (-2)/(-10) - t/(-40). Suppose -j = -4*u + 4*p, -u = -5*p - 250 + 16. What is the units digit of u?
9
Let g(u) be the first derivative of 403*u**2/2 + 30*u - 118. What is the hundreds digit of g(1)?
4
What is the hundreds digit of (3280/205)/(2/582)?
6
Let i = -28 + 99. Let c = i - 123. What is the units digit of (c/39)/(2*1/(-273))?
2
Let u = 5 - -17. Let m = u + -22. Suppose 5*n - n - 5*g = 131, m = 5*g + 15. What is the tens digit of n?
2
Let x be -6*(2/9 - 11891/414). Let w = 180 + x. What is the tens digit of w?
5
Let t be (52/6)/(4/(-12)). Let l = -23 - t. Let u = l + 13. What is the tens digit of u?
1
Suppose 3*x + 27681 = 5*k, 2*x + 14655 + 7491 = 4*k. What is the tens digit of k?
3
What is the units digit of (-1 - 7)*35/(-280)*16546?
6
Suppose -3*m + 6828 = 3*z, 5*z - 5612 - 5766 = -3*m. What is the hundreds digit of z?
2
Suppose 0 = -293*l + 271*l + 131582. What is the tens digit of l?
8
Let x(a) = a**3 + 47*a**2 + 240*a + 31. What is the hundreds digit of x(-27)?
1
Suppose -2*m - 130940 = -5*b, -4*m - 104752 = 9*b - 13*b. What is the units digit of b?
8
Let d(c) = 30*c - 92. Let m be d(4). Suppose m*s = 14*s + 2898. What is the tens digit of s?
0
What is the hundreds digit of 4/(-6) - (8392723/69)/(-31)?
9
Let w = 26 - 20. Let y = -15 - -18. What is the units digit of -3 + 2/w + 35/y?
9
Let t = 235 - 239. What is the tens digit of -136*6/(-30)*(-85)/t?
7
Let d(f) = -4*f**3 + 5*f**2 - 10*f - 219. What is the units digit of d(-12)?
3
Let p(i) be the third derivative of 17*i**7/420 + i**6/180 - 31*i**5/60 - 16*i**2. Let l(z) be the third derivative of p(z). What is the units digit of l(1)?
8
Let r(u) = 9 - 28 - 17 - 64 + 226*u. What is the units digit of r(6)?
6
Let l(f) = 3*f**3 - 34*f**2 - 24*f - 113. What is the hundreds digit of l(18)?
9
Let k(o) = o**3 + 31*o**2 - 37*o + 297. What is the tens digit of k(-31)?
4
Let u be (-21555)/(-75) + (-4)/10. Let p = u - 234. What is the units digit of p?
3
Let c be (-4)/(-6) + (-287)/21. Let w(a) be the second derivative of -2*a**3/3 + 15*a**2 + 12*a. What is the units digit of w(c)?
2
What is the hundreds digit of ((-4017900)/8)/(-25)*((-8)/(-6) - 0)?
7
Suppose -3*k = -17 - 28. Let j be k/(-75)*10/(-2). What is the units digit of j*30*(-24)/(-60)?
2
Suppose 348960 = 5*h - h + 4*s, s + 261716 = 3*h. Let j be h/138 - (-1)/(-6). Suppose c - i - 316 = -c, -4*c - 3*i + j = 0. What is the units digit of c?
8
Let i = 12135 + 834. What is the tens digit of i?
6
What is the hundreds digit of (-251673 + -611)/((-30)/4) - (-4)/30?
6
Let i(d) = 12400*d**2 + 59*d + 119. What is the units digit of i(-2)?
1
Suppose -13*o + 2*d + 2449 = -10*o, 3*o + d = 2461. What is the units digit of o?
9
Let v = -36032 - -112915. What is the ten thousands digit of v?
7
Let m(i) = 3*i**3 - 10*i - 8. Suppose 17*u - 42 = 26. What is the tens digit of m(u)?
4
Suppose -3*l - 24*c = -19*c - 137327, 3*l - 137329 = -4*c. What is the hundreds digit of l?
7
Let q(y) = 6*y**2 + 30*y + 151. Let z be q(-5). Let w = 309 - z. What is the units digit of w?
8
Suppose -2*m = v + 73 - 15, 5*m + v + 148 = 0. What is the tens digit of (-46496)/m + (-60)/(-450)?
5
Let w(a) = 2*a**3 - 2*a**2 + a + 2. Let r be w(0). Let h be 1 + r - (5 - 164). Suppose 3*g - 238 = d, 4*d - 5*d + h = 2*g. What is the units digit of g?
0
Let w(n) = -n - 1. Let f(j) = 7*j - 15. Let o(h) = -5*h**3 - 6*h + 5. Let k be o(1). Let v(m) = k*w(m) - f(m). What is the units digit of v(8)?
3
Let d(n) = -11*n**2 - 45*n - 74. Let p(s) = 5*s**2 + 24*s + 37. Let b(f) = -4*d(f) - 9*p(f). What is the units digit of b(-16)?
3
Let z = 40 - -47. Let r = 87 - z. Suppose r*l + 1 = -l, 0 = -5*x - 2*l + 373. What is the tens digit of x?
7
Let r(x) = 27*x**2 + 8*x - 63. Let f be r(10). Suppose 0 = -6*m + 733 + f. What is the hundreds digit of m?
5
Suppose -2*l = 3*n - 106, -84 - 32 = -3*n - 4*l. Suppose 6*t = 369 + 669. Let z = t - n. What is the hundreds digit of z?
1
Suppose -3*m - 3*a + 22809 = 0, -2*m - 3*a - 22815 = -5*m. What is the units digit of m?
4
Suppose 2*d - f = 20539, -11*f + 5*f = d - 10289. What is the ten thousands digit of d?
1
Suppose -79662 = -172*x + 101*x. What is the hundreds digit of x?
1
Let p(s) = -2*s**3 - 7*s**2 - 7*s + 12. Let c be -3 + 14 - 4 - 2. Let k be c/((-10)/12) - (6 + -6). What is the hundreds digit of p(k)?
2
Suppose -14*f + 17*f = -3*j + 2106, -3*f - 2773 = -4*j. Let s = -232 + j. What is the units digit of s?
5
Suppose 1173*y - 1168*y - 58520 = -5*r, -4*y = 2*r - 46826. What is the tens digit of y?
0
Let v be (21/12 - 0)/(2/24). Let k = v - 24. What is the tens digit of ((-1)/(-3))/((k + 2)/(-183))?
6
Let y(l) = -9*l**2 + 11*l**3 - 13*l - 12*l**3 - 11 - 1. Let a be y(-8). Let m = a - 13. What is the tens digit of m?
1
Suppose 2*p + 1 - 5 = -c, 4*p - c = 20. Suppose -3*a - 4*z + 3566 = 0, 0 = 3*a - p*z - 766 - 2784. What is the thousands digit of a?
1
Suppose -4*n - 693 = -5*c, -n = -0*c + 4*c - 567. What is the units digit of c/(4*(-15)/(-40))?
4
Suppose 3*o - 2225 = i, 9*o = 10*o + i - 731. What is the units digit of o?
9
Suppose 4*u - 5*t - 13016 = -t, -t = u - 3260. What is the units digit of u?
7
Let r = -17 + 5. Let f(h) = -h**2 - 12*h - 12. Let j be f(r). What is the units digit of 65/3 + 44/j + 3?
1
Let l = -8571 + 8686. What is the units digit of l?
5
Let b = 49091 + -13729. What is the units digit of b?
2
Suppose 3*v + 16 = -4*b + 9, -2*v = 5*b. Let n(d) = 5*d + 11. Let u(k) = -36*k - 78. Let r(q) = 15*n(q) + 2*u(q). What is the tens digit of r(b)?
1
Let a(b) = b**3 + 2*b**2 - 8*b + 18. Let v be a(-7). Let w = 339 + v. What is the hundreds digit of w?
1
Let b be 12/60 + (-159)/(-5). Let t be (2/(-1))/(2/b). What is the tens digit of (t/((-1)/1))/(27/81)?
9
Let w = 354 - 350. Suppose 9*n - 7*n - 1463 = i, -w*n + 4*i = -2916. What is the units digit of n?
4
Let z(l) = 18*l**3 - 7*l - 35*l**3 + 18*l**3 + 4 - 5*l - 3*l**2. Let f = 38 - 31. What is the hundreds digit of z(f)?
1
Let o(p) = -3*p**2 - 118*p - 35. Let y be o(-39). Suppose -3*x - 4*h = 2*x - 243, x - 39 = -y*h. What is the units digit of x?
1
Let f = -341 + 345. Suppose 5*y + f*c - 6240 = 0, 4*y - 5023 = -17*c + 20*c. What is the hundreds digit of y?
2
Let u(f) = -f**2 + 4. Let t be u(2). Let o be -1 - (t + -3 - 2). Suppose -o*d + 216 = 3*w, 2*w + 0*w - 144 = 5*d. What is the units digit of w?
2
Let v(y) = y**3 + 10*y**2 + 19*y - 2. Let b be v(-9). Let h = 93 + b. Let p(k) = 136*k + 2. What is the hundreds digit of p(h)?
1
Let u = -647 - -661. What is the tens digit of 15798/22 + u/(-154)?
1
Suppose -2*m = 38*m - 338520. What is the tens digit of m?
6
Suppose -6*z - 5 = 1. What is the units digit of (-4 + (4 - 233))/z?
3
Let d(m) be the third derivative of m**6/120 + m**4/12 + 35*m**3/6 + m**2. Suppose -5*k + 5 = 0, 3*t - 11*k + 15*k = 4. What is the units digit of d(t)?
5
Let c(j) = 79 + j**2 - 220*j - 247*j + 486*j. What is the tens digit of c(-32)?
9
Suppose -f - 486 = -484. What is the hundreds digit of 627 + (-1)/f*-2?
6
Suppose -3*y = 2*y - 15, -3 = 2*z + y. Let o be (-1)/z + 1/(9/501). Let l = o - 21. What is the tens digit of l?
3
Suppose 15440499 - 2688546 = 290*n + 211*n. What is the